factors of n?
3, 11
Let w = -486 + 716. Let s = w - 138. What are the prime factors of s?
2, 23
Let j(k) = -83*k**3 - 5*k**2 - k - 3. What are the prime factors of j(-2)?
643
Let b(r) = -r**3 + 27*r**2 + r + 39. List the prime factors of b(26).
3, 13, 19
Let j(z) = 3*z + 41. Let c be j(0). Let o = c + 92. What are the prime factors of o?
7, 19
Suppose 6*w - 575 = 715. Suppose -4*b - l = -289, 0*b - 3*b = -l - w. List the prime factors of b.
2, 3
Let o(q) = -9*q**3 - 4*q**2 - 3*q - 6. Let n(y) = -y**3 - y**2 - y. Let w(a) = -5*n(a) + o(a). List the prime factors of w(-3).
3, 5, 7
Suppose -4*w = k - 25 - 25, 18 = 2*w - 3*k. Suppose -w*l + 16*l - 600 = 0. List the prime factors of l.
2, 3, 5
Suppose 10*j - 57928 = -3*j. Suppose -2384 - j = -24*l. What are the prime factors of l?
3, 5, 19
Let w = 7 + -3. Let y be ((-2)/(-2))/(2/w). Suppose 3*n - 57 - 37 = -q, y*n - 86 = 4*q. What are the prime factors of n?
3, 11
Let l(n) = 6*n**2 + 31*n + 21. List the prime factors of l(-21).
2, 3, 7
Suppose -5*n + 239 = -2401. List the prime factors of n.
2, 3, 11
Suppose -v = -2*v + 1436. Suppose -46*o - 54 = -40*o. List the prime factors of (-1)/o + v/36.
2, 5
Let a be (-2)/(-3) - 6/9. Suppose -196 = -3*t - a*t - o, -236 = -4*t + 5*o. Suppose 3*j - t = -j. List the prime factors of j.
2
Let b be (-96)/(-16)*-1*5. List the prime factors of ((-11)/2 - 3)*b/3.
5, 17
Let v(b) = -b**3 + 7*b**2 + b - 4. Suppose 0 = -2*d + 3*d. Let u be 5 + (-3 - (d + -1)). What are the prime factors of v(u)?
5, 7
Let n be -1 - 0 - (-17 + 2). Let k = n - 11. Suppose -k*s + 91 = 4. What are the prime factors of s?
29
Suppose 2*t + 754 = 3984. What are the prime factors of t?
5, 17, 19
Suppose -11*h + 8527 = -10525. What are the prime factors of h?
2, 433
Let y be 9 - (-3)/((-6)/(-4)). Let z = y + -6. Suppose -z*t + 10 = 0, 3*l + 2*t - 64 = 21. What are the prime factors of l?
3
Let l be (-4)/(-14) - 2484/(-28). Let z = -59 + l. What are the prime factors of z?
2, 3, 5
Let n(b) = 4 + 2 - 5 + 0 + 5*b. List the prime factors of n(2).
11
Suppose -f - 148 = -149, -5*f = -5*m + 5450. List the prime factors of m.
1091
Let z(a) = 503*a**2 - 9*a - 7. List the prime factors of z(-1).
5, 101
What are the prime factors of 9/(-45) + 134916/90*3?
3, 1499
Let r = 827 + -379. List the prime factors of r.
2, 7
Suppose -6*k + 4513 = -3*k - 4*p, 20 = 4*p. List the prime factors of k.
1511
Let a(x) = 70*x**2 + 10*x + 22. Let d be a(-4). Suppose 0 = -o + 8*t - 3*t + 210, t = -5*o + d. What are the prime factors of o?
2, 5, 11
Suppose -4*i + 4 = -2*x - 2, -2*x = -2. Let k(o) = 13*o - o**2 + 0*o**i + 0*o**2 - 4 + 0. What are the prime factors of k(11)?
2, 3
List the prime factors of 50/(-6)*(-12 - 18942/70).
3, 5, 157
Let w = 387 + -297. What are the prime factors of w?
2, 3, 5
Let v be -3*(-2)/(-6)*-4. Suppose 0*n = 5*u + 5*n - 565, 4*n + 412 = v*u. What are the prime factors of u?
2, 3
Let f be ((-4)/(-2) - 2)/(-3). Suppose f = -z + 2*z + 2*i + 7, 19 = -z + 2*i. Let w(s) = -s + 13. List the prime factors of w(z).
2, 13
Let z be (0/2)/((-2)/1). Let x be z/(-3) + (-2)/(-1). Suppose -7*p = -2*d - 3*p + 44, -2*d = x*p - 20. What are the prime factors of d?
2, 7
Let k(s) = s**3 + 8*s**2 - 8*s + 5. Let h(g) = 2*g + 10. Let q be h(-4). Suppose q*c - 22 = 4*f - 0*c, -4*f = 3*c + 47. What are the prime factors of k(f)?
3, 23
Suppose 0 = c + 2, -g - 2*c - 2 = 2. Suppose -2*m - w + 209 = g, 2*m - w = -0*m + 211. What are the prime factors of m?
3, 5, 7
Let q(z) = 2 - 57*z - 2 - 2. Suppose c = 3*c - 3*r - 13, 12 = 3*c - 3*r. What are the prime factors of q(c)?
5, 11
Let p(r) = 45*r + 95. List the prime factors of p(7).
2, 5, 41
Suppose 4*j + 0*r = 2*r + 10, 0 = -4*j - 5*r + 45. Let c(z) = -9*z + 5. Let k(a) = 26*a - 14. Let g(s) = j*k(s) + 14*c(s). List the prime factors of g(3).
2, 3
Let o = 26 + -26. Let w(g) = g**3 + g**2 - 2*g. Let t be w(o). Suppose -x + 1 = t, u - 23 = 2*x + 34. List the prime factors of u.
59
Suppose -5*d = -94 - 291. Suppose 5*j - 210 = -5*n, -2*j = 3*n - 49 - d. What are the prime factors of n?
2, 3, 7
Suppose 0*n + 62 = -n + d, 5*n = -4*d - 328. What are the prime factors of -1 - 1 - n/2?
2, 3, 5
Let v = -58 + 64. Let f(u) = 5*u**2 + u + 13. List the prime factors of f(v).
199
Let o(p) = -650*p - 715. List the prime factors of o(-4).
5, 13, 29
Let n be ((-3 - -5) + 8)*(-381)/6. Let p = 891 + n. What are the prime factors of p?
2
Suppose -185*g + 1253 = -178*g. What are the prime factors of g?
179
Let r be 0 - (-6 + 2 - 66). Suppose 3*j - 5*t - r = 0, 5*t = 3*j + 2*j - 130. What are the prime factors of j?
2, 3, 5
List the prime factors of (-18290)/(-75) + 6/45.
2, 61
Let t(g) = 185*g**2 + g - 5. Let l(v) = -185*v**2 - v + 6. Let p(a) = 6*l(a) + 7*t(a). What are the prime factors of p(1)?
11, 17
Let z = 73 - 40. Suppose -z = -a - 4*v, -v - 2 + 0 = 0. Suppose 136 = 5*g + a. List the prime factors of g.
19
Suppose -l - 44 = -48. Suppose -14 = -l*q - 2*o, -3*q - 5*o = -6*o - 23. What are the prime factors of q?
2, 3
Suppose 0 = 43*b - 50*b + 21. Suppose 0*z - 3*n = 5*z - 1222, -3*z = -b*n - 714. What are the prime factors of z?
2, 11
Suppose -10*s + 52 = -1418. Suppose s + 57 = 2*z. List the prime factors of z.
2, 3, 17
Let z = -8 - -12. Let s(x) = 13*x**2 - 8*x - 8. List the prime factors of s(z).
2, 3, 7
Suppose -58045 - 14247 = -31*v. List the prime factors of v.
2, 11, 53
Suppose 2*b = 4*y + 242, -6*b + 3*b = -3. Let o = y + 84. What are the prime factors of o?
2, 3
List the prime factors of (-2)/11 - (-5 - (-25732)/(-77)).
3, 113
Let z = -87 + 895. List the prime factors of z.
2, 101
Let c be (-108)/(-28) - 3/(-21). Suppose -3*u + c*n = -16, 0 = -u + 4*n + 3 + 13. Suppose h - 6 = -u*h. List the prime factors of h.
2, 3
Let b(u) = 2*u**3 + 7*u - 4. Let r be b(-5). Let v = r - -513. What are the prime factors of v?
2, 7
Let a be ((-8)/16)/((-2)/80). Let m = a - 18. Suppose m*q - 4 = -2*w, -3*w - 9 = -5*q + 33. What are the prime factors of q?
2, 3
Let w be -4*(-9)/(-12) + (-8)/(-1). Suppose -11 - 314 = -w*c + 4*b, b + 310 = 5*c. What are the prime factors of c?
61
Let l(a) = -2*a + 193. Let m be l(0). Let u = 332 - m. What are the prime factors of u?
139
Let f be (-44)/(-20) - 1/5. Let j(g) = f*g - 5*g + 2 + 1 + 2*g**2. List the prime factors of j(2).
5
Let y = 1151 + -965. List the prime factors of y.
2, 3, 31
Suppose w - 3*p + 12 = -2*w, 0 = -4*w - 4*p - 32. Let m be 60/24 - w/4. Suppose -m*t = -5*t + 52. List the prime factors of t.
2, 13
List the prime factors of 345 + (-4)/(1 + 3).
2, 43
Suppose -5*w = -991 - 39. Suppose 4*v + 7*r = 3*r + 172, -2*r + w = 5*v. Suppose -12 - 32 = -5*s - n, -4*n = -4*s + v. What are the prime factors of s?
3
Let q = -2 + 5. Suppose 0 = h + q*a + 52, 2*h + 2*h + 2*a = -168. What are the prime factors of (h/24)/((-2)/18)?
3, 5
Let x(w) = 3*w**2 + w + 2. Let g be x(4). Let t = -31 + g. List the prime factors of t.
23
Suppose 0 = 5*k + 2*n - 30, -5*k + 2*n + 22 + 28 = 0. Suppose 10*u - k*u - 212 = 0. What are the prime factors of u?
2, 53
Suppose -3*z + 15 = -3*v, 0 = z - 0*v - 3*v - 15. Suppose -5*b + 2*b + 81 = z. What are the prime factors of b?
3
Let w = -1956 - -2915. List the prime factors of w.
7, 137
Let a be (1/(-1))/((-3)/12). Suppose g + 40 = -g - 4*s, -a*s = 4*g + 60. Let z = 28 - g. List the prime factors of z.
2, 19
Suppose 2*s - 78 - 185 = 3*c, s + 2*c - 142 = 0. Let g = s - 72. List the prime factors of g.
2
Suppose -5*y + 2*y = 0, 7452 = 4*v + 5*y. List the prime factors of v.
3, 23
List the prime factors of -2*24/80 + (-19336)/(-10).
1933
Suppose w = -2*w + 24. Suppose 0 = 4*l + 5*b - w, -2*l + 10 = -0*l + b. What are the prime factors of l?
7
Let n = -5 + 8. What are the prime factors of (-303)/27*-3*n?
101
Let r(d) = -d + 9. Let i be r(4). Suppose -2*n = i*x - 449, -8*n + 4*n - 5*x = -893. What are the prime factors of n?
2, 3, 37
Let k = 391 + 56. What are the prime factors of k?
3, 149
Let m(l) = -l**3 - 7*l**2 - 7*l - 4. Let f be m(-6). Suppose -2*d + d + 16 = -2*a, f*d = 8. List the prime factors of (-32)/a - 7/21.
5
Let s(j) = -5*j**3 - j**2 - 10. Let f = 31 + -34. What are the prime factors of s(f)?
2, 29
Suppose 5*h = -7*s + 2*s + 2335, -467 = -h - 5*s. What are the prime factors of h?
467
Let w(y) = -11*y**2 + 1. Let z be w(-1)